 a multiple of 7?
True
Does 6097 divide 1309810076?
False
Does 13 divide 2412488?
True
Does 67 divide 87324852?
True
Does 7801 divide 3059259125?
False
Is 4656 a factor of 3960626400?
True
Does 29 divide 10650598?
True
Is 16 a factor of 91142488?
False
Does 3 divide 7622747?
False
Does 1948 divide 1304596259?
False
Is 3759 a multiple of 34?
False
Is 3969036 a multiple of 1669?
False
Is 80141451 a multiple of 4033?
False
Is 44149431 a multiple of 2828?
False
Does 167 divide 21511890?
False
Does 6829 divide 165289116?
True
Is 25631936 a multiple of 176?
True
Does 285 divide 337957275?
True
Is 55340976 a multiple of 2371?
False
Is 291162600 a multiple of 675?
True
Does 30 divide 522306870?
True
Is 399201227 a multiple of 11?
False
Is 1688 a factor of 194587613?
False
Is 13 a factor of 17135862?
False
Is 1163 a factor of 78796739?
True
Is 27 a factor of 653490284?
False
Does 31 divide 97205613?
False
Is 370 a factor of 256984980?
True
Does 2176 divide 2662442375?
False
Does 3 divide 100221182?
False
Does 47 divide 513013742?
True
Is 303462491 a multiple of 554?
False
Does 63 divide 744953706?
True
Is 74777296 a multiple of 407?
True
Does 2424 divide 2267828952?
True
Is 8 a factor of 87984091?
False
Does 255 divide 1610835?
True
Does 24 divide 43409508?
False
Does 35 divide 815113250?
True
Is 3195790 a multiple of 65?
True
Is 132 a factor of 434651184?
True
Is 20 a factor of 130620660?
True
Is 31272822 a multiple of 171?
True
Does 82 divide 3263436?
True
Is 39 a factor of 78383526?
True
Is 49 a factor of 22921222?
False
Does 11 divide 59209194?
True
Is 348554 a multiple of 10?
False
Is 49167324 a multiple of 1052?
True
Does 569 divide 92548988?
True
Is 1572 a factor of 3849904?
False
Is 994476045 a multiple of 22?
False
Is 96 a factor of 148263552?
True
Is 44731470 a multiple of 1113?
True
Does 149 divide 650930897?
False
Is 72533876 a multiple of 440?
False
Is 16 a factor of 24022720?
True
Does 496 divide 29019742?
False
Does 7440 divide 3472731600?
True
Is 21633629 a multiple of 31?
True
Is 432610634 a multiple of 466?
True
Is 59 a factor of 155223262?
False
Is 1911432572 a multiple of 4508?
True
Is 26 a factor of 1122011124?
True
Is 5335 a factor of 5908836111?
False
Is 1726855424 a multiple of 448?
True
Is 5 a factor of 489710?
True
Is 3364 a factor of 51088690?
False
Is 29237533 a multiple of 13?
True
Is 15 a factor of 252105405?
True
Is 1065 a factor of 158446440?
True
Does 1677 divide 14152203?
True
Is 8 a factor of 234606824?
True
Is 16 a factor of 1786157312?
True
Is 637 a factor of 36402303?
False
Does 71 divide 68833364?
True
Is 2504503784 a multiple of 7123?
True
Is 37299890 a multiple of 40?
False
Is 340132879 a multiple of 10?
False
Is 15 a factor of 16613659?
False
Does 524 divide 216144101?
False
Does 1112 divide 81549632?
True
Does 3341 divide 13320567?
True
Is 20282 a multiple of 5?
False
Is 4 a factor of 1718100?
True
Does 392 divide 60419748?
False
Does 3189 divide 156525687?
True
Is 16 a factor of 122311225?
False
Is 398 a factor of 30972758?
True
Is 89165634 a multiple of 2?
True
Does 475 divide 652644?
False
Is 279827136 a multiple of 33?
False
Is 831 a factor of 33461463?
False
Is 343325977 a multiple of 8?
False
Does 287 divide 36045915?
False
Is 13676108 a multiple of 7?
False
Does 2190 divide 96455975?
False
Is 13287481 a multiple of 12?
False
Does 385 divide 408068326?
False
Is 101 a factor of 39185118?
False
Does 1854 divide 325806576?
False
Is 1104 a factor of 286928154?
False
Is 128758169 a multiple of 313?
False
Is 1079485991 a multiple of 174?
False
Is 974 a factor of 81155628?
True
Does 2850 divide 27341123?
False
Is 226257131 a multiple of 12?
False
Is 339294415 a multiple of 8?
False
Does 53 divide 412752796?
False
Is 14 a factor of 293045200?
True
Does 7 divide 28746172?
True
Is 10080 a factor of 2161434940?
False
Is 1744 a factor of 1031624832?
True
Is 201621060 a multiple of 15?
True
Is 1316 a factor of 323592556?
True
Is 700435 a multiple of 101?
True
Is 1563 a factor of 446899579?
False
Is 12 a factor of 2039129554?
False
Does 801 divide 34470234?
True
Is 1480220310 a multiple of 1816?
False
Is 93500604 a multiple of 18?
True
Is 2525 a factor of 57408308?
False
Is 112 a factor of 1182203582?
False
Does 9 divide 919307088?
True
Is 97938387 a multiple of 5949?
True
Is 61 a factor of 508740?
True
Is 413 a factor of 45140461?
False
Is 6925176 a multiple of 108?
True
Does 2964 divide 1085556108?
True
Is 999 a factor of 2026822149?
True
Does 13 divide 830132027?
False
Is 98710008 a multiple of 1157?
False
Is 57 a factor of 4324176941?
False
Is 276686718 a multiple of 320?
False
Is 306655146 a multiple of 102?
True
Does 41 divide 649426718?
False
Does 4 divide 1076267208?
True
Does 28 divide 3289511?
False
Does 46 divide 26345442?
True
Is 7820302 a multiple of 17?
False
Is 174598485 a multiple of 21?
False
Is 138 a factor of 104856954?
True
Is 20 a factor of 422908940?
True
Does 21 divide 3971425?
False
Does 85 divide 34646340?
True
Does 58 divide 1552304460?
True
Is 2444030888 a multiple of 104?
True
Does 28 divide 112100648?
False
Does 21 divide 35002647?
False
Does 1004 divide 29695319?
False
Does 4 divide 2699530?
False
Is 37311639 a multiple of 39?
False
Is 30099720 a multiple of 294?
True
Does 61 divide 723553647?
False
Is 22 a factor of 77766898?
True
Is 106076307 a multiple of 14?
False
Does 377 divide 3754273312?
False
Does 302 divide 124204144?
True
Does 1081 divide 121494278?
False
Is 37 a factor of 51216731?
False
Is 56569000 a multiple of 250?
True
Is 33 a factor of 43030944?
True
Does 23 divide 258113843?
True
Is 90 a factor of 4356234188?
False
Is 126 a factor of 17882801?
False
Does 65 divide 197169826?
False
Does 84 divide 1644638191?
False
Is 4 a factor of 2990756?
True
Is 303 a factor of 18673615?
False
Is 652327727 a multiple of 368?
False
Is 2963 a factor of 160665712?
True
Does 311 divide 537460496?
False
Is 765306025 a multiple of 25?
True
Is 253633716 a multiple of 252?
True
Is 1409 a factor of 261107894?
False
Is 604402732 a multiple of 839?
False
Is 39 a factor of 6681714?
True
Is 30285360 a multiple of 3?
True
Is 1124859724 a multiple of 428?
False
Does 29 divide 37932806?
False
Does 1389 divide 341723169?
True
Is 24077489 a multiple of 304?
False
Is 144192413 a multiple of 13?
False
Is 60728503 a multiple of 11?
True
Is 1290 a factor of 205622221?
False
Is 108 a factor of 52807680?
True
Does 26 divide 577855668?
True
Is 5 a factor of 1783610?
True
Does 56 divide 850585736?
True
Does 1383 divide 126128217?
True
Does 2174 divide 515224956?
True
Is 3 a factor of 20989046?
False
Is 119738918 a multiple of 26?
True
Does 169 divide 51300898?
False
Is 4092 a factor of 1783747812?
True
Is 5046320543 a multiple of 253?
True
Is 20 a factor of 18646440?
True
Is 83 a factor of 1260725180?
True
Is 27 a factor of 1772895384?
True
Is 5358510 a multiple of 90?
True
Is 10363 a factor of 999411297?
False
Is 291 a factor of 768034247?
False
Does 137 divide 1016007755?
True
Is 1653 a factor of 11680098?
True
Is 10 a factor of 590901434?
False
Is 4 a factor of 1725811825?
False
Does 979 divide 333716625?
True
Is 11 a factor of 128789989?
False
Is 318360 a multiple of 35?
True
Does 3841 divide 546186359?
True
Is 26932760 a multiple of 680?
True
Does 324 divide 23356188?
True
Does 23 divide 228501228?
True
Is 265494896 a multiple of 204?
False
Does 75 divide 578735175?
True
Is 351 a factor of 1543824360?
True
Is 960 a factor of 104442419?
False
Is 670199300 a multiple of 25?
True
Is 30 a factor of 192657600?
True
Is 48701561 a multiple of 52?
False
Is 17539896 a multiple of 841?
True
Is 40 a factor of 135792640?
True
Is 2489 a factor of 15822573?
True
Is 129 a factor of 49552661?
False
Is 6 a factor of 431492504?
False
Is 1215133344 a multiple of 24?
True
Is 1343 a factor of 281594868?
True
Does 631 divide 7636362?
True
Does 22 divide 34924802?
True
Is 88 a factor of 166614733?
False
Does 201 divide 11703627?
True
Does 1392 divide 1520706893?
False
Is 72724146 a multiple of 22?
True
Is 18 a factor of 35921349?
False
Is 110171935 a multiple of 2677?
True
Is 94182760 a multiple of 70?
True
Is 427192572 a multiple of 2463?
True
Is 136956700 a multiple of 20?
True
Does 5 divide 397535046?
False
Is 44357980 a 